d by 885?
356
Calculate the remainder when 21907 is divided by 472.
195
Calculate the remainder when 741870 is divided by 148369.
25
Calculate the remainder when 4530992 is divided by 906198.
2
Calculate the remainder when 727765 is divided by 2167.
1820
Calculate the remainder when 204191 is divided by 18.
17
Calculate the remainder when 15717901 is divided by 129900.
1
What is the remainder when 304335551 is divided by 85?
21
Calculate the remainder when 287419 is divided by 95802.
13
What is the remainder when 304083 is divided by 555?
498
Calculate the remainder when 1368333 is divided by 16.
13
Calculate the remainder when 64058 is divided by 60904.
3154
What is the remainder when 507978 is divided by 79?
8
Calculate the remainder when 5368354 is divided by 1342084.
18
What is the remainder when 46671 is divided by 8342?
4961
What is the remainder when 30415 is divided by 30290?
125
What is the remainder when 443494 is divided by 110?
84
What is the remainder when 151803 is divided by 50445?
468
What is the remainder when 1266854 is divided by 280?
134
What is the remainder when 69928 is divided by 1048?
760
Calculate the remainder when 741474 is divided by 60.
54
Calculate the remainder when 22338970 is divided by 40.
10
What is the remainder when 22871169 is divided by 718?
715
What is the remainder when 724821 is divided by 14211?
60
What is the remainder when 91637 is divided by 6539?
91
What is the remainder when 173193706 is divided by 56177?
15
Calculate the remainder when 167388 is divided by 2.
0
Calculate the remainder when 3681245 is divided by 404.
401
Calculate the remainder when 69306 is divided by 3458.
146
Calculate the remainder when 30041173 is divided by 1315.
1313
Calculate the remainder when 28770605 is divided by 148.
145
What is the remainder when 65653766 is divided by 29?
28
Calculate the remainder when 145161578 is divided by 156.
146
Calculate the remainder when 152528 is divided by 104.
64
What is the remainder when 29142484 is divided by 1746?
1744
Calculate the remainder when 1220715 is divided by 135615.
180
What is the remainder when 4593400 is divided by 57?
55
What is the remainder when 580020 is divided by 289578?
864
What is the remainder when 5065009 is divided by 47?
7
What is the remainder when 243145 is divided by 24314?
5
Calculate the remainder when 18881773 is divided by 16.
13
What is the remainder when 39822 is divided by 4788?
1518
What is the remainder when 6090235 is divided by 219?
64
What is the remainder when 27559151 is divided by 641?
638
What is the remainder when 33381043 is divided by 183?
13
Calculate the remainder when 21718 is divided by 708.
478
What is the remainder when 611461 is divided by 35963?
90
What is the remainder when 8697669 is divided by 442?
435
Calculate the remainder when 152172193 is divided by 100.
93
What is the remainder when 110184352 is divided by 217?
215
Calculate the remainder when 2245714 is divided by 5284.
14
What is the remainder when 7489854 is divided by 11?
9
Calculate the remainder when 132736 is divided by 2324.
268
Calculate the remainder when 2551622 is divided by 53.
43
Calculate the remainder when 1093340 is divided by 363.
347
Calculate the remainder when 9566081 is divided by 434821.
19
What is the remainder when 6409424 is divided by 221?
203
What is the remainder when 296887 is divided by 90?
67
What is the remainder when 1182949 is divided by 1182934?
15
Calculate the remainder when 518250 is divided by 296.
250
Calculate the remainder when 3236798 is divided by 1078928.
14
Calculate the remainder when 13115699 is divided by 1170.
1169
What is the remainder when 941690 is divided by 27?
11
Calculate the remainder when 2687899 is divided by 5635.
4
What is the remainder when 456040 is divided by 75884?
736
What is the remainder when 1290532 is divided by 1289531?
1001
Calculate the remainder when 205329017 is divided by 451.
443
What is the remainder when 678868 is divided by 5657?
28
What is the remainder when 5852 is divided by 875?
602
What is the remainder when 29525 is divided by 1062?
851
Calculate the remainder when 227268 is divided by 225883.
1385
What is the remainder when 276622 is divided by 30730?
52
What is the remainder when 181961 is divided by 12122?
131
What is the remainder when 102314 is divided by 102034?
280
Calculate the remainder when 292491 is divided by 146228.
35
Calculate the remainder when 13963957 is divided by 1163661.
25
Calculate the remainder when 538968 is divided by 23432.
32
Calculate the remainder when 376005 is divided by 156.
45
What is the remainder when 175347 is divided by 14559?
639
What is the remainder when 12918235 is divided by 18?
13
What is the remainder when 222606 is divided by 283?
168
What is the remainder when 2106834 is divided by 200?
34
What is the remainder when 2087589 is divided by 597?
477
Calculate the remainder when 3208898 is divided by 118848.
2
Calculate the remainder when 15314454 is divided by 89558.
36
What is the remainder when 5267057 is divided by 23?
11
What is the remainder when 239713 is divided by 134?
121
What is the remainder when 89163 is divided by 960?
843
What is the remainder when 12368998 is divided by 380?
378
What is the remainder when 429418 is divided by 10467?
271
Calculate the remainder when 7787498 is divided by 53.
49
Calculate the remainder when 29656 is divided by 132.
88
Calculate the remainder when 465075 is divided by 9900.
9675
Calculate the remainder when 206709 is divided by 103271.
167
Calculate the remainder when 278383 is divided by 34.
25
What is the remainder when 46563 is divided by 15511?
30
What is the remainder when 1017837 is divided by 1310?
1277
Calculate the remainder when 25490593 is divided by 1303.
4
What is the remainder when 550939 is divided by 4481?
4257
Calculate the remainder when 13832458 is divided by 14.
10
Calculate the remainder when 346792 is divided by 1218.
880
What is the remainder when 493059 is divided by 798?
693
What is the remainder when 197677 is divided by 300?
277
Calculate the remainder when 76936155 is divided by 3871.
30
Calculate the remainder when 81868 is divided by 576.
76
What is the remainder when 224958 is divided by 618?
6
What is the remainder when 2061975 is divided by 3143?
167
Calculate the remainder when 1520305 is divided by 379366.
2841
What is the remainder when 6212 is divided by 1548?
20
Calculate the remainder when 50918207 is divided by 403.
366
Calculate the remainder when 5528729 is divided by 1001.
206
Calculate the remainder when 3748692 is divided by 415.
412
Calculate the remainder when 2254634 is divided by 18.
8
What is the remainder when 75211714 is divided by 710?
704
Calculate the remainder when 398157 is divided by 198936.
285
Calculate the remainder when 146455 is divided by 71964.
2527
What is the remainder when 2173506 is divided by 538?
524
What is the remainder when 11548146 is divided by 329947?
1
What is the remainder when 4871402 is divided by 793?
3
Calculate the remainder when 1056631 is divided by 8124.
511
What is the remainder when 135311 is divided by 277?
135
What is the remainder when 170649 is divided by 7053?
1377
Calculate the remainder when 1627208 is divided by 5538.
4574
What is the remainder when 422153 is divided by 34875?
3653
Calculate the remainder when 57595 is divided by 744.
307
Calculate the remainder when 414837 is divided by 414766.
71
Calculate the remainder when 1260857 is divided by 4.
1
Calculate the remainder when 69571 is divided by 1914.
667
What is the remainder when 12910398 is divided by 56?
46
Calculate the remainder when 81193 is divided by 1970.
423
What is the remainder when 15246 is divided by 4348?
2202
What is the remainder when 104035 is divided by 17302?
223
What is the remainder when 224607 is divided by 160?
127
What is the remainder when 499972 is divided by 71?
61
What is the remainder when 9801716 is divided by 1031?
1030
What is the remainder when 369191 is divided by 1678?
31
Calculate the remainder when 21888 is divided by 10791.
306
Calculate the remainder when 207009 is divided by 341.
22
Calculate the remainder when 12576 is divided by 5943.
690
What is the remainder when 27279361 is divided by 455?
